{"id":3,"date":"2023-07-29T15:16:43","date_gmt":"2023-07-29T15:16:43","guid":{"rendered":"https:\/\/www.it-line.ch\/?page_id=3"},"modified":"2023-07-29T17:18:26","modified_gmt":"2023-07-29T17:18:26","slug":"privacy-policy","status":"publish","type":"page","link":"https:\/\/www.it-line.ch\/?page_id=3","title":{"rendered":"Datenschutz"},"content":{"rendered":"\n<h2 class=\"wp-block-heading\">IT-LINE<\/h2>\n\n\n\n<p><strong>Datenschutzrichtlinien<\/strong><\/p>\n\n\n\n<p>Der Schutz Ihrer Privatsph\u00e4re ist uns wichtig.<\/p>\n\n\n\n<p>Wir setzen auf einen transparenten Umgang mit Ihren Daten.<\/p>\n\n\n\n<p>\u200bNachfolgend zeigen wir auf, welche personenbezogene Daten beim Benutzen dieser Webseite gespeichert werden und wie mit den Daten umgegangen wird.<\/p>\n\n\n\n<p>Wir zeigen Ihnen ebenfalls auf, wie Sie sich bei Diensten von Dritten, welche wir im Einsatz haben, abmelden k\u00f6nnen.<\/p>\n\n\n\n<p>https:\/\/www.it-line.ch <\/p>\n\n\n\n<h2 class=\"wp-block-heading\">Geltungsbereich<\/h2>\n\n\n\n<p>Diese Datenschutzerkl\u00e4rung gilt f\u00fcr alle Seiten unter der Domain it-line.ch. Verweise und Links auf Webseiten Dritter liegen ausserhalb des Verantwortungsbereichs von IT-LINE Service. Der Zugriff und die Nutzung solcher Webseiten erfolgen auf eigene Gefahr des Nutzers oder der Nutzerin.<\/p>\n\n\n\n<h2 class=\"wp-block-heading\">Personenbezogene Daten<\/h2>\n\n\n\n<p><strong class=\"privacy-policy-tutorial\">Personendaten sind alle Angaben, die sich auf eine bestimmte oder bestimmbare Person beziehen. Darunter fallen Informationen wie Name, Adresse, Telefonnummer, E-Mail. Betroffen sind dabei sowohl nat\u00fcrliche als auch juristische Personen, \u00fcber die Daten bearbeitet werden<\/strong>.<\/p>\n\n\n\n<h2 class=\"wp-block-heading\">Kontaktformulare<\/h2>\n\n\n\n<p><strong class=\"privacy-policy-tutorial\">Personenbezogene Daten, die wir durch unsere Kontaktformulare erhalten, verwenden wir ausschliesslich im, vom Benutzer beabsichtigten Rahmen.<\/strong><strong class=\"privacy-policy-tutorial\"><\/strong><\/p>\n\n\n\n<p><\/p>\n\n\n\n<h2 class=\"wp-block-heading\">Daten, die wir speichern<\/h2>\n\n\n\n<p>Unter Anderem werden die folgenden Daten beim Besuch unserer Website gespeichert:<\/p>\n\n\n\n<ul class=\"wp-block-list\">\n<li>Name der abgerufenen Webseite,<\/li>\n\n\n\n<li>Datum und Uhrzeit des Abrufs<\/li>\n\n\n\n<li>\u00fcbertragene Datenmenge<\/li>\n\n\n\n<li>Meldung \u00fcber erfolgreichen Abruf<\/li>\n\n\n\n<li>Browsertyp und Version<\/li>\n\n\n\n<li>Betriebssystem<\/li>\n\n\n\n<li>Referrer URL (die zuvor besuchte Seite)<\/li>\n\n\n\n<li>IP-Adresse<\/li>\n\n\n\n<li>Provider<\/li>\n<\/ul>\n\n\n\n<p>Wir verwenden diese Daten nur f\u00fcr statistische Auswertungen zum Zweck des Betriebs der Webseite.<\/p>\n\n\n\n<h2 class=\"wp-block-heading\">Dienste von Dritten<\/h2>\n\n\n\n<p>Wir setzen auf unserer Website Dienste von Dritten ein, um das Nutzerverhalten zu analysieren und unser Webseiten-Angebot zu verbessern. Dabei wird Ihre IP-Adresse an die aufgef\u00fchrten Dienste weitergegeben.<\/p>\n\n\n\n<p>Falls Sie nicht m\u00f6chten, dass Ihre Daten von Dritten verwendet werden, k\u00f6nnen Sie sich bei den Diensten abmelden (Opt-Out).<\/p>\n\n\n\n<h2 class=\"wp-block-heading\">Newsletter<\/h2>\n\n\n\n<p>Ihre E-Mail-Adresse, die Sie bei der Newsletteranmeldung angeben haben, wird dazu verwendet, um Ihnen Informationen zu unserem Angebot zukommen zu lassen. Sie k\u00f6nnen dieser Nutzung jederzeit widersprechen in dem Sie im E-Mail auf den Unsubscribe-Link klicken.<\/p>\n\n\n\n<p>Wir verwenden MailChimp als unsere Marketing-Automatisierungsplattform. Bei der Anmeldung zu unserem Newsletter erlauben Sie die \u00dcbertragung der von Ihnen angegebenen Daten.<\/p>\n\n\n\n<h2 class=\"wp-block-heading\">Cookies<\/h2>\n\n\n\n<p>Cookies sind kleine Dateien, die es erm\u00f6glichen, auf dem Zugriffsger\u00e4t der Nutzer (PC, Smartphone o.\u00e4.) spezifische, auf das Ger\u00e4t bezogene Informationen zu speichern. Sie dienen zum einen der Benutzerfreundlichkeit von Webseiten und damit den Nutzern (z.B. Speicherung von Logindaten), zum anderen dienen sie dazu, die statistische Daten der Webseitennutzung zu erfassen und sie zwecks Verbesserung des Angebotes analysieren zu k\u00f6nnen. Die Nutzer k\u00f6nnen auf den Einsatz der Cookies Einfluss nehmen. Die meisten Browser verf\u00fcgen \u00fcber eine Option mit der das Speichern von Cookies eingeschr\u00e4nkt oder komplett verhindert werden kann. Allerdings wird darauf hingewiesen, dass die Nutzung und insbesondere der Nutzungskomfort ohne Cookies eingeschr\u00e4nkt werden.<\/p>\n\n\n\n<p>Sie k\u00f6nnen viele Online-Anzeigen-Cookies von Unternehmen \u00fcber die US-amerikanische Seite&nbsp;<a href=\"http:\/\/www.aboutads.info\/choices\" target=\"_blank\" rel=\"noreferrer noopener\">http:\/\/www.aboutads.info\/choices<\/a>&nbsp;oder die EU-Seite&nbsp;<a href=\"http:\/\/www.youronlinechoices.com\/uk\/your-ad-choices\" target=\"_blank\" rel=\"noreferrer noopener\">http:\/\/www.youronlinechoices.com\/uk\/your-ad-choices<\/a>&nbsp;verwalten.<\/p>\n\n\n\n<h2 class=\"wp-block-heading\">Recht auf Auskunft<\/h2>\n\n\n\n<p>Jede von der Verarbeitung personenbezogener Daten betroffene Person hat das Recht, jederzeit von der <br>IT-Line  unentgeltliche Auskunft \u00fcber die zu seiner Person gespeicherten personenbezogenen Daten und eine Kopie dieser Auskunft zu erhalten. Ferner kann gegebenenfalls \u00fcber folgende Informationen Auskunft gegeben werden:<\/p>\n\n\n\n<ul class=\"wp-block-list\">\n<li>die Verarbeitungszwecke<\/li>\n\n\n\n<li>die Kategorien personenbezogener Daten, die verarbeitet werden<\/li>\n\n\n\n<li>die Empf\u00e4nger, gegen\u00fcber denen die personenbezogenen Daten offengelegt worden sind oder noch offengelegt werden<\/li>\n\n\n\n<li>falls m\u00f6glich, die geplante Dauer, f\u00fcr die die personenbezogenen Daten gespeichert werden, oder, falls dies nicht m\u00f6glich ist, die Kriterien f\u00fcr die Festlegung dieser Dauer<\/li>\n\n\n\n<li>das Bestehen eines Rechts auf Berichtigung oder L\u00f6schung der sie betreffenden personenbezogenen Daten oder auf Einschr\u00e4nkung der Verarbeitung durch den Verantwortlichen oder eines Widerspruchsrechts gegen diese Verarbeitung<\/li>\n\n\n\n<li>das Bestehen eines Beschwerderechts bei einer Aufsichtsbeh\u00f6rde<\/li>\n\n\n\n<li>wenn die personenbezogenen Daten nicht bei der betroffenen Person erhoben werden: Alle verf\u00fcgbaren Informationen \u00fcber die Herkunft der Daten<\/li>\n<\/ul>\n\n\n\n<p>Ferner steht der betroffenen Person ein Auskunftsrecht dar\u00fcber zu, ob personenbezogene Daten an ein Drittland oder an eine internationale Organisation \u00fcbermittelt wurden. Sofern dies der Fall ist, so steht der betroffenen Person im \u00dcbrigen das Recht zu, Auskunft \u00fcber die geeigneten Garantien im Zusammenhang mit der \u00dcbermittlung zu erhalten.<\/p>\n\n\n\n<h2 class=\"wp-block-heading\">Recht auf L\u00f6schung<\/h2>\n\n\n\n<p>Jede von der Verarbeitung personenbezogener Daten betroffene Person hat das Recht, von dem Verantwortlichen zu verlangen, dass die sie betreffenden personenbezogenen Daten unverz\u00fcglich gel\u00f6scht werden, sofern einer der folgenden Gr\u00fcnde zutrifft und soweit die Verarbeitung nicht erforderlich ist:<\/p>\n\n\n\n<ul class=\"wp-block-list\">\n<li>Die personenbezogenen Daten wurden f\u00fcr solche Zwecke erhoben oder auf sonstige Weise verarbeitet, f\u00fcr welche sie nicht mehr notwendig sind.<\/li>\n\n\n\n<li>Die betroffene Person widerruft ihre Einwilligung, auf die sich die Verarbeitung st\u00fctzte, und es fehlt an einer anderweitigen Rechtsgrundlage f\u00fcr die Verarbeitung.<\/li>\n\n\n\n<li>Die betroffene Person legt aus Gr\u00fcnden, die sich aus ihrer besonderen Situation ergeben, Widerspruch gegen die Verarbeitung ein und es liegen keine vorrangigen berechtigten Gr\u00fcnde f\u00fcr die Verarbeitung vor, oder die betroffene Person legt im Falle von Direktwerbung und damit verbundenem Profiling Widerspruch gegen die Verarbeitung ein.<\/li>\n\n\n\n<li>Die personenbezogenen Daten wurden unrechtsm\u00e4ssig verarbeitet.<\/li>\n\n\n\n<li>Die L\u00f6schung der personenbezogenen Daten ist zur Erf\u00fcllung einer rechtlichen Verpflichtung nach dem Unionsrecht oder dem Recht der Mitgliedstaaten erforderlich, dem der Verantwortliche unterliegt.<\/li>\n\n\n\n<li>Die personenbezogenen Daten wurden in Bezug auf angebotene Dienste der Informationsgesellschaft, die einem Kind direkt gemacht wurden, erhoben.<\/li>\n<\/ul>\n\n\n\n<p>Sofern einer der oben genannten Gr\u00fcnde zutrifft und Sie die L\u00f6schung von personenbezogenen Daten, die bei IT-Line Service gespeichert sind, veranlassen m\u00f6chten.<\/p>\n\n\n\n<h2 class=\"wp-block-heading\">Fragen zum Datenschutz<\/h2>\n\n\n\n<p>Haben Sie Fragen zu dieser Datenschutzerkl\u00e4rung oder zur Verwendung Ihrer Daten, dann wenden Sie sich an uns.<\/p>\n\n\n\n<h2 class=\"wp-block-heading\">Rechtsgrundlage<\/h2>\n\n\n\n<p>Das Datenschutzgesetz (DSG)\u00a0<a rel=\"noreferrer noopener\" href=\"https:\/\/www.admin.ch\/opc\/de\/classified-compilation\/19920153\/index.html\" target=\"_blank\">https:\/\/www.admin.ch\/opc\/de\/classified-compilation\/19920153\/index.html<\/a>\u00a0dient als Grundlage dieser Datenschutzerkl\u00e4rung.<\/p>\n\n\n\n<p>Letzte Aktualisierung: 09.01.2023<\/p>\n","protected":false},"excerpt":{"rendered":"<p>IT-LINE Datenschutzrichtlinien Der Schutz Ihrer Privatsph\u00e4re ist uns wichtig. Wir setzen auf einen transparenten Umgang mit Ihren Daten. \u200bNachfolgend zeigen wir auf, welche personenbezogene Daten beim Benutzen dieser Webseite gespeichert werden und wie mit den Daten umgegangen wird. Wir zeigen Ihnen ebenfalls auf, wie Sie sich bei Diensten von Dritten, welche wir im Einsatz haben, [&hellip;]<\/p>\n","protected":false},"author":1,"featured_media":0,"parent":0,"menu_order":0,"comment_status":"closed","ping_status":"closed","template":"","meta":{"footnotes":""},"class_list":["post-3","page","type-page","status-publish","hentry"],"_links":{"self":[{"href":"https:\/\/www.it-line.ch\/index.php?rest_route=\/wp\/v2\/pages\/3","targetHints":{"allow":["GET"]}}],"collection":[{"href":"https:\/\/www.it-line.ch\/index.php?rest_route=\/wp\/v2\/pages"}],"about":[{"href":"https:\/\/www.it-line.ch\/index.php?rest_route=\/wp\/v2\/types\/page"}],"author":[{"embeddable":true,"href":"https:\/\/www.it-line.ch\/index.php?rest_route=\/wp\/v2\/users\/1"}],"replies":[{"embeddable":true,"href":"https:\/\/www.it-line.ch\/index.php?rest_route=%2Fwp%2Fv2%2Fcomments&post=3"}],"version-history":[{"count":1,"href":"https:\/\/www.it-line.ch\/index.php?rest_route=\/wp\/v2\/pages\/3\/revisions"}],"predecessor-version":[{"id":10,"href":"https:\/\/www.it-line.ch\/index.php?rest_route=\/wp\/v2\/pages\/3\/revisions\/10"}],"wp:attachment":[{"href":"https:\/\/www.it-line.ch\/index.php?rest_route=%2Fwp%2Fv2%2Fmedia&parent=3"}],"curies":[{"name":"wp","href":"https:\/\/api.w.org\/{rel}","templated":true}]}}